. What is the tens digit of z(6)?
1
Suppose -11*x - 9 = -350. What is the tens digit of x?
3
Let f(c) = c**3 - 6*c**2 - 7. Let t be f(6). Let a = t - -8. What is the units digit of a?
1
Suppose 4*p - 4*r = -2*r + 138, 5*p - 3*r = 170. What is the tens digit of p?
3
Let c(g) = 6*g - 6*g**2 - 3*g**2 - g**3 + 5 - 4. Let f(t) = -3*t**3 - 19*t**2 + 13*t + 1. Let z(u) = -5*c(u) + 2*f(u). What is the units digit of z(6)?
9
Let r(x) = -x**2 - 17*x - 17. What is the units digit of r(-12)?
3
Suppose -2*n - 3 - 1 = -3*g, 5*g + n + 2 = 0. Suppose 2*z - 1 = 7. Suppose -5*t + z*b + 73 = g, -t = 4*t + 2*b - 91. What is the units digit of t?
7
Let x = 9 + -4. Suppose -14 = x*p - 59. What is the units digit of p?
9
Let p = 203 + -108. Suppose -2*v + p - 3 = 0. Suppose 0 = -2*i - 18 + v. What is the units digit of i?
4
Suppose -4*u - 4*a + 534 = -682, 1198 = 4*u - 5*a. What is the tens digit of u?
0
Suppose 5*x = -3*l + 15, 3*x + 3*l = -0*x + 15. Suppose 3*a - 41 = -i - 8, x = -3*a - 3*i + 39. What is the units digit of a?
0
Let p(a) = a**3 + 7*a**2 + a + 10. Let l be p(-7). Let v(z) = 0*z**3 + 0*z + 2*z - 4*z**2 + 4 + z**3. What is the units digit of v(l)?
1
Let p be (-29*2)/2*-1. Suppose 0 = 8*l + 169 - 33. Let y = p + l. What is the units digit of y?
2
Let o = 139 + -64. What is the tens digit of o?
7
What is the units digit of 66/5 + (-8)/40?
3
What is the units digit of (-107)/(-7) - (24/28)/3?
5
Suppose -4*w = -16, -2*y + 18 = 5*w - 16. Suppose y + 2 = a + n, 5*n - 25 = 0. Suppose -1 - 3 = -a*v. What is the units digit of v?
1
Let d = -19 - -30. Let q = 22 - d. What is the tens digit of q?
1
Let z = 692 - 490. What is the hundreds digit of z?
2
Let p(b) be the second derivative of b**4/12 + 2*b**3/3 - 3*b**2/2 - 2*b. Let w be p(3). Suppose -w = -3*k + k. What is the units digit of k?
9
Suppose -3*f = -4*n - 5*f + 24, -n - f = -8. What is the units digit of n?
4
Let o(g) = 6*g**3 - 2*g**2 + 5*g + 8. Let v(s) = -7*s**3 + s**2 - 6*s - 9. Let i(r) = 6*o(r) + 5*v(r). Let b be i(7). What is the units digit of (-63)/7*(-2)/b?
6
Let c be 12/4*(-2)/3. Let y = -1 - c. What is the units digit of y?
1
Let m(n) = 3*n + 4. What is the tens digit of m(7)?
2
Suppose -4*r = 12, 0*u - 3*r - 21 = -2*u. Let t(j) = -2*j + 9. Let x be t(u). What is the units digit of x/2*(-2)/3?
1
Suppose -m + 135 = 4*m. What is the units digit of m?
7
Let p(c) = 3*c**2 - 4*c - 4. What is the tens digit of p(4)?
2
Suppose -6*u - 940 = -10*u. What is the hundreds digit of u?
2
Let a(p) = -p. Let q(f) = 4*f - 15. Let g(k) = -5*a(k) - q(k). What is the units digit of g(-6)?
9
Let o = 83 + -30. What is the tens digit of o?
5
Let w = 23 - 0. What is the tens digit of (w + 3)*3/6?
1
Let o(d) = d**2 - 10*d + 11. Let h be o(8). Let q be (-8 + -4)*h*1. Suppose -t + q = 3*t. What is the tens digit of t?
1
Let x(q) = q**2 + 2*q. Let u be 4 + -5 - 3*-1. Suppose 0*a + 4*a + u*v = -26, v - 15 = 5*a. What is the units digit of x(a)?
8
Suppose 4*r = 2*r - 10, -730 = -3*n + 2*r. What is the hundreds digit of n?
2
Suppose 6*g - 170 = 2*g - s, 4*g + 4*s - 176 = 0. What is the units digit of g?
2
Suppose -2*h + 158 = 4*v, h + 3*h = -4*v + 336. Let f = 124 - h. What is the units digit of f?
5
Suppose 5*g + j - 4 = 59, 44 = 4*g + 4*j. What is the tens digit of g?
1
Let y(a) = -5 - a**2 - a**3 + 0*a**2 - a + 13. What is the units digit of y(0)?
8
Suppose 476 = 5*s - 129. What is the tens digit of s?
2
Let t = 633 + -366. What is the units digit of t?
7
Suppose -70*k = -68*k - 170. What is the tens digit of k?
8
Let a(g) = 5*g + 8. What is the tens digit of a(4)?
2
Suppose 2*q - 14 = 2*n, -2*q = -4*n - 42 + 14. Let m = 12 + n. Suppose -44 + 14 = -m*f - o, 0 = 2*o. What is the units digit of f?
6
Let j = 3 + -7. What is the units digit of 8/j + 9*1?
7
Let s(n) = n**2 + 3*n + 3. Let m be s(-3). Suppose 80 = 7*j - m*j. What is the units digit of j?
0
Suppose 8*y - 4 = 4*y. Let w be (-3)/y*-1*-1. What is the tens digit of 28/(-1 - w) + -3?
1
What is the tens digit of (-6 - 785/(-10))/((-1)/(-2))?
4
Suppose 0 = -3*k - 8 + 470. What is the hundreds digit of k?
1
Let v be 2*(-6)/(-4) + -1. Let u = 5 - v. Suppose -u*z = -4*q + 19, 0 = 4*q - 2*z - 3*z - 21. What is the units digit of q?
4
Suppose 24 = -0*u + 2*u. What is the units digit of u?
2
Suppose 0 = 5*p + 5*c - 188 - 42, 4*c + 86 = 2*p. Suppose 5*v - 5*m + 11 = -64, -p = 3*v + 3*m. What is the units digit of -5*(0 + 18/v)?
6
Let x = 7 - 3. Suppose 2*k + x = -m - 4, -2*k = 5*m + 24. What is the units digit of k - -4 - -5 - -1?
8
Let u(k) = k - 1 - 6*k**2 + k - 16*k**3 + 17*k**3. What is the units digit of u(6)?
1
Let s = -43 - -76. What is the tens digit of s?
3
Let c(b) = b**3 - 3*b**2 + 5*b - 9. What is the tens digit of c(4)?
2
Let q = 2 - 3. Let d(w) = -w**2 + 12*w - 3. Let h be d(11). Let a = q + h. What is the units digit of a?
7
Let f(s) be the first derivative of s**3/3 - 3*s**2 - 6*s - 3. Let j be f(6). What is the units digit of 26*(9/j)/(-3)?
3
Suppose -3*s = -s. Let c be s/(-2) + 9/3. Let g(d) = -d**3 + 5*d**2 - 2*d - 2. What is the tens digit of g(c)?
1
Let a(z) = -4*z**2 - z. Let n be a(1). Let m be (-14)/(-5)*5/2. Let u = n + m. What is the units digit of u?
2
Let a be (-185)/10 - 6/4. Let l = a - -35. What is the units digit of l?
5
Let w(g) = 7*g + 5. What is the tens digit of w(7)?
5
Let p(o) = 59*o - 7. What is the tens digit of p(2)?
1
Suppose 4*x - 1 = p - 2, 2*p - 26 = -4*x. Suppose -1 = -n + p. What is the tens digit of n?
1
Let u be -1*(17 - 0 - 2). What is the units digit of 39/4 - u/(-20)?
9
Let b(v) be the first derivative of v**4/4 - 3*v**3 + 4*v**2 + 2*v - 3. What is the units digit of b(8)?
2
Let v(c) = -c**3 - 3*c**2 + c - 2. Let a be v(-3). Let k(n) = -n**3 - 5*n**2 - 6*n + 1. Let x be k(a). Suppose -w + x = 13. What is the tens digit of w?
1
Suppose -2*f = -2*g - 0*g - 72, -5*g - 5*f - 170 = 0. Let y = g + 60. Suppose y = 4*s + 1. What is the units digit of s?
6
Let t be 1/(2/12 + 0). Let v(k) = -5*k - 8. Let f(i) = -14*i - 23. Let s(j) = t*f(j) - 17*v(j). What is the units digit of s(4)?
2
Let a(j) = -3*j**2 - 17 + 4*j**2 + j**2 - 2*j. What is the tens digit of a(5)?
2
Let n(o) = 3*o**2 - 9*o**2 + 6*o + 7*o**2 + 7. What is the units digit of n(-5)?
2
Suppose 5 = -3*n + 2*n. What is the units digit of 6/(-15) - 22/n?
4
Let m = 50 + -18. Let b = 87 - m. Suppose 9*u - 4*u = b. What is the tens digit of u?
1
Suppose -5*t + 5 = -15. Suppose 4*y - 32 - t = 0. What is the units digit of y?
9
Suppose 6 = l - 24. What is the units digit of l?
0
Suppose 0*r - 4 = -2*r. Let w = 6 + 0. What is the units digit of r + 1/1*w?
8
Suppose 3 = q - 1. Suppose 4*z - 5*z = 4*s - 23, -3*s + 14 = q*z. What is the units digit of (-4)/s - 123/(-9)?
3
What is the tens digit of 2*(-4 + 3)*(1 - 7)?
1
Let o = 299 - 77. What is the hundreds digit of o?
2
Suppose 5*k + 2*p = 90, -4*p - 14 - 30 = -4*k. Let d(h) = 2*h + 8. What is the tens digit of d(k)?
4
What is the tens digit of (1*-3)/(6/(-44))?
2
Let i(b) = 3*b - 1. Let w(q) = 10*q - 3. Let v(x) = 7*i(x) - 2*w(x). What is the units digit of v(3)?
2
What is the tens digit of (54/(-24))/((-2)/32)?
3
Suppose -3*d + d = -96. What is the tens digit of d?
4
Let q(t) = -44*t - 1. Let v be q(1). Let c = v + 76. What is the units digit of c?
1
Let k(a) = 2*a**2 + 8 - 3 + 4 + 9*a - 2. What is the units digit of k(-6)?
5
Suppose 58 = c - 58. What is the units digit of c?
6
Suppose 12 = a + 4. What is the units digit of a?
8
Let w(a) = -a**2 - 10*a - 7. Let d(s) = -2*s**2 + 6*s + 6. Let y be d(5). Let f = y - -6. What is the units digit of w(f)?
9
Suppose 2*n - 20 = -3*n. Let o = n - 0. What is the units digit of o?
4
Suppose -l = -3*t - 19, 0 = -2*l + 4*t - t + 44. Suppose u + l = 6*u. What is the units digit of u?
5
Let c(r) = 2*r**2 + 2*r + 436. What is the tens digit of c(0)?
3
Let x(l) = -l**3 + 12*l**2 - 8*l + 11. What is the units digit of x(11)?
4
Suppose 0 = -2*h - 0 + 8. Suppose 0*m + 24 = -h*m. What is the units digit of 2/m + 13/3?
4
Let j be (5 - 1)*2/(-4). Let z = 16 + j. What is the units digit of (z/4)/((-3)/(-6))?
7
Let g(z) = -z**3 - 9*z**2 - 5*z + 6. What is the units digit of g(-9)?
1
What is the units digit of (-3 - 5)*(-6)/3?
6
Let w(d) = 16*d**2 - 4*d - 10. What is the hundreds digit of w(-3)?
1
Let